ed by f.
2
Let j(s) = 3*s - 1. Let y be 162 - -5 - (-6)/(-3)*-2. Let h = 178 - y. What is the remainder when h is divided by j(1)?
1
Calculate the remainder when 193 - 16*(-8)/(-16) is divided by 63.
59
Let u(h) = h**2 - 67*h + 394. Calculate the remainder when 6299 is divided by u(61).
27
Suppose -3*d = 3*l - 2478, 222*d - 3344 = 218*d + l. Calculate the remainder when d is divided by 49.
1
Suppose 10 = -2*o - 4*x, 26*x = 4*o + 23*x - 24. Suppose 0 = o*j + j - 132. What is the remainder when j is divided by 13?
7
Let j(t) = t**3 - 18*t**2 + 4. Let k be j(18). Suppose 4*z - 52 = -2*m, -z - 43 = k*m - 119. Calculate the remainder when m is divided by 0 + -2 + 6 + 0.
2
Let n(x) = -3*x**2 + 65*x - 1. Suppose 25*r - 1425 = -175. What is the remainder when n(12) is divided by r?
47
Suppose -4*a = 4*q + 56, -q = -6*q - 2*a - 85. Let l = q - -32. Let m(z) = -3*z - 1. What is the remainder when l is divided by m(-3)?
5
Calculate the remainder when 3*-1 - (-15 - 11) is divided by 408/27 + 176/(-1584).
8
Let i = -29 + 128. What is the remainder when 3978/i - (20/(-11) + 2) is divided by 26?
14
Let d be ((-255)/10)/(3/(-4)). Let y = -25 + d. Let q = -1156 - -1159. Calculate the remainder when y is divided by q.
0
Suppose 4*z + 4*l = -44, 13 = -5*z + 2*z + l. Let t = z - -13. What is the remainder when 29 + 20 - (-12 + -1) is divided by t?
6
Suppose 26*u + 24300 = 46*u. Calculate the remainder when u is divided by 32.
31
Let c(f) = -2847*f + 5691*f - 14 - 2891*f. Let h = 8 - 11. Calculate the remainder when c(h) is divided by 26.
23
Suppose 601*m + 3255 = 636*m. Calculate the remainder when 25201 is divided by m.
91
Suppose -5*l + 4*d + 29 = -20, 3*l = 5*d + 19. Suppose -487*h - 2862 = -490*h. Let a = h + -813. Calculate the remainder when a is divided by l.
11
Let j(d) = -2*d + 4. What is the remainder when (39/(-5))/((-2)/6 + 19/570) is divided by j(-5)?
12
Calculate the remainder when 274 is divided by 72/420*-7*-115.
136
Suppose -41 = -17*s + 27. Suppose 8*b = 9*b - 4*a - 58, 0 = -s*a - 16. Calculate the remainder when b is divided by 20.
2
Let j(s) be the second derivative of -s**3/6 + 15*s**2/2 - 248*s. Let k = 5 + 28. Calculate the remainder when k is divided by j(6).
6
What is the remainder when (1 - 13) + 4 + 1930 + 4 is divided by 84?
78
Suppose 156*a = 217*a + 756 - 5636. What is the remainder when 1914 is divided by a?
74
Suppose -2*i = -0*i - 4. Suppose i*o = o + 174. Let a = 244 - o. Calculate the remainder when a is divided by 24.
22
Let b(p) = -26*p**2 + 330*p + 13. Calculate the remainder when b(7) is divided by 21.
20
Let q = -123 + 107. Let d be (q/20)/(8/60). What is the remainder when ((-496)/48)/((-4)/d - 1) is divided by 16?
15
Let h(w) = 5*w**3 - 17*w**2 - 13*w + 49. What is the remainder when 213 is divided by h(4)?
33
Let i(s) = 28*s**2 - 2*s + 1. Let q = 187 + -185. Suppose -2*x - q*t = -22, -2*x = -0*t + t - 21. What is the remainder when i(1) is divided by x?
7
Let z(u) = u**3 + u**2 - 2*u - 11. Let b be z(-4). Let o = 56 + b. Calculate the remainder when o is divided by (2 - 1)/((-4)/(-12)).
2
Suppose 9*u - 2*u = 7. Calculate the remainder when 97 - (-3 + 4 + u) is divided by 27.
14
Calculate the remainder when 343 is divided by 0 + -13 + 567/9.
43
Let p(u) = u**3 - 4*u**2 + 25*u - 61. Calculate the remainder when 1777 is divided by p(5).
86
Let o(n) = 2*n**2 - 32*n - 43. Let m(t) = -3*t**2 + 35*t + 43. Let j(h) = 3*m(h) + 4*o(h). Calculate the remainder when j(-16) is divided by 10.
9
Suppose -285 = -5*j + 2*j. Suppose 5*r + 4*c = 129, -2*c = 4*r - 7*c - j. Let g(w) = -w**3 - 32*w**2 + 13. What is the remainder when r is divided by g(-32)?
12
Let p(d) = -21*d - 21. Let u be p(-1). Suppose u = -22*b + 17*b + 125. What is the remainder when 172 is divided by b?
22
Let x = 9 + -3. Suppose v = -x*v + 616. Let p = v + -42. What is the remainder when p is divided by 8?
6
Let t(q) = q**3 + 7*q**2 - 9*q + 5. Suppose 5*o - 1340 = -5*f, 4*o = -2*f + 407 + 669. Calculate the remainder when o is divided by t(-7).
66
Let n(b) = -4*b + 3. What is the remainder when 869 is divided by n(-4)?
14
Let i(o) be the third derivative of -o**4/12 - 5*o**3/3 - 25*o**2. Let r be i(-6). Suppose 0 = r*v + 12*v - 2100. What is the remainder when v is divided by 31?
26
Suppose -3*d = -q + 6, 3*d - 3 = 6*d. Suppose -4*t = g - 334, -q*t = 2*t + 3*g - 421. What is the remainder when t is divided by (-3302)/(-78) + 1*2/(-6)?
41
Suppose -141*c + 142*c = m + 116, -c - m + 122 = 0. Calculate the remainder when 2017 is divided by c.
113
Suppose -619*l + 33 = 2*n - 620*l, -23 = -2*n - l. What is the remainder when 3664 is divided by n?
10
Suppose -189*u + 200*u = 5203. Calculate the remainder when u is divided by 128.
89
Let h = -2093 + 2179. Suppose 39*g - 259 = 170. What is the remainder when h is divided by g?
9
Let j(p) = -2*p - 39. Let a be j(-21). Suppose -4*v + 4 = -2*l, 0*v + 3*l + 3 = a*v. Suppose -2*i + 29 + v = 0. Calculate the remainder when i is divided by 5.
0
Let h be (1 - 0 - 0) + 0. Let t = -287 + 345. Calculate the remainder when t is divided by (21/14)/(h/10).
13
Suppose -2*b + 3*i = -55, 37*i - 33*i = -4. Suppose 3*t - 11 = p, 1 = -0*t - t - 2*p. Calculate the remainder when 3 - (4*19)/(t/(-6)) is divided by b.
25
Suppose 0 = -4*x - 5 + 17. Suppose -2*a - x*k + 42 = 0, -6 = -a + k + 15. What is the remainder when 313 is divided by a?
19
Suppose 0 = -5*a + 3*l + 1023, -2*a + 9*l + 413 = 4*l. Suppose -3*m + m = -a. Suppose 15*c - 11*c - 140 = 0. What is the remainder when m is divided by c?
32
Let o = 4 - 8. What is the remainder when (-241)/o - 6/(-8) is divided by (-8)/(-12) - ((-9100)/30)/10?
30
Suppose n - 101 = -65. What is the remainder when 1586/(-52)*(-4 + 2) is divided by n?
25
Suppose -209*o = -203*o - 18. What is the remainder when ((-2)/o)/(-2 + 364/183) is divided by 16?
13
Suppose 6 = 2*c + 2*o, 3*o = 6*o - 9. Suppose -4*f = -4*s - c*f + 16, -37 = -3*s - 2*f. Let k = -3 - -9. What is the remainder when s is divided by k?
3
Let p(a) = 12*a - 3. Let c be p(7). Let h = 102 - c. Let u(d) = -5*d**3 - d**2. What is the remainder when h is divided by u(-1)?
1
Suppose 0 = 2*p, 0*q = 2*q + 3*p - 50. Let k(v) = -2*v**3 - 189*v**2 - 457*v + 285. What is the remainder when q is divided by k(-92)?
7
Let c(b) = -2*b**3 - 83*b**2 - 345*b - 134. Calculate the remainder when 675 is divided by c(-37).
55
Let c(h) = 135*h - 661. Calculate the remainder when 3987 is divided by c(5).
11
Let p = 1283 - 1118. Calculate the remainder when p is divided by 63.
39
Let d = -142 - -122. What is the remainder when 55 is divided by 7 - d - (2 + -3)?
27
Let b = -36 - -56. Let x(t) = -3*t**3 - 3*t**2 - 3*t - 1. Let y be x(-1). Let q(v) = 5*v**3 - 3*v + 4. What is the remainder when q(y) is divided by b?
18
Let v = -7 - -22. What is the remainder when 3 + (1046/16 - 3*(-5)/(-40)) is divided by v?
8
Let f(j) = 4*j**2 - j. Let t be f(1). Suppose 180 = 8*g - t*g. Let v(b) = 11*b**2 + 8. What is the remainder when v(-3) is divided by g?
35
Let s(c) be the third derivative of c**4/12 - 5*c**3/6 - 7*c**2. Calculate the remainder when 6*8/(-12)*(9 + -21) is divided by s(5).
3
Suppose b = 4*w - 4*b - 1, 4*w - 25 = -3*b. Suppose -5*u = w*g - 120, -4*g + u = -8*g + 136. What is the remainder when 122 is divided by g?
17
Suppose 7*s - 3*s = 24. Let u(g) = -7*g - 12. Let c = 52 - 56. Calculate the remainder when u(c) is divided by s.
4
Suppose 7*u + 179 - 1586 - 518 = 0. What is the remainder when u is divided by 37?
16
Calculate the remainder when 12*(5/((-25)/(-82)))/(328/410) is divided by 222.
24
Let g(v) = 5*v**2 + 3*v - 2. Let l be g(2). Suppose -4*p = -10*p + l. Suppose 16 = p*q - 140. What is the remainder when q is divided by 5?
4
Suppose 1736*o - 210 = 1733*o - 3*p, -5*o = -4*p - 368. What is the remainder when 2446 is divided by o?
70
Let x be 6 - 1/2*0/(-8). Suppose x*l = 9*l - 252. What is the remainder when l is divided by 15?
9
Let m(f) = 5*f**2 - 2*f + 1. Suppose 9*i + 8 = 13*i. Let o(w) = w**3 - 2*w**2 + 9*w - 43. What is the remainder when o(4) is divided by m(i)?
8
Let m = -36 + 77. Let a(d) = -d**2 - 29*d + 268. Calculate the remainder when m is divided by a(7).
9
Suppose -4*t - 2*t + 4*j + 6156 = 0, -4*t - 5*j = -4127. Calculate the remainder when t i